{"id":479,"date":"2018-12-19T12:34:15","date_gmt":"2018-12-19T11:34:15","guid":{"rendered":"http:\/\/bf4.online\/index.php\/one-page-express\/"},"modified":"2022-10-30T20:29:04","modified_gmt":"2022-10-30T19:29:04","slug":"one-page-express","status":"publish","type":"page","link":"https:\/\/bf4.online\/","title":{"rendered":"Front Page"},"content":{"rendered":"<div id=\"features-6\" class=\"features-small-image-cards-section\" style=\"background-color: #ffffff;\" data-label=\"Features\" data-id=\"features-small-image-cards-section\" data-category=\"features\">\n<div class=\"gridContainer\">\n<div class=\"features-small-image-cards-textrow\">\n<div class=\"features-small-image-cards-textcol dynamic-color\" data-type=\"column\">\n<h2 class=\"\"><strong><span style=\"color: #333333;\">Unsere Leistungen<\/span><\/strong><\/h2>\n<p class=\"\"><strong><span style=\"color: #333333;\">F\u00fcr Sie im \u00dcberblick.<\/span><\/strong><\/p>\n\n<\/div>\n<\/div>\n<div class=\"features-small-image-cards-featrow dark-text\" data-type=\"row\">\n<div class=\"features-small-image-cards-featcol\">\n<div class=\"features-small-image-cards-featinnerrow flexbox-list\">\n<div class=\"features-small-image-cards-imgcol\" style=\"background-image: url('http:\/\/bf4.online\/wp-content\/uploads\/2018\/12\/IMG_20180309_161211782-e1545336479625.jpg');\" data-bg=\"image\"><\/div>\n<div class=\"features-small-image-cards-featcol-feattextcol\" data-type=\"column\">\n<h4 class=\"heading103\">BF2 * BF3 * BF4<\/h4>\n\n<hr class=\"features-small-image-cards-separator\">\n<p class=\"\">N\u00e4here Informationen hierzu finden Sie bei:<\/p>\n<a class=\"\" href=\"https:\/\/bf4.online\/index.php\/leistungen\" target=\"_self\">Leistungen<\/a>\n\n<\/div>\n<\/div>\n<\/div>\n<div class=\"features-small-image-cards-featcol\">\n<div class=\"features-small-image-cards-featinnerrow flexbox-list\">\n<div class=\"features-small-image-cards-imgcol\" style=\"background-image: url('http:\/\/bf4.online\/wp-content\/uploads\/2022\/10\/4413FAC1-8776-49C6-9881-14F161FCCFB7.jpeg');\" data-bg=\"image\"><\/div>\n<div class=\"features-small-image-cards-featcol-feattextcol\" data-type=\"column\">\n<h4 class=\"heading103\">Bodenschutz \/ Fahrstra\u00dfen<\/h4>\n\n<hr class=\"features-small-image-cards-separator\">\n<p class=\"\">N\u00e4here Informationen hierzu finden Sie bei:<\/p>\n<a class=\"\" href=\"https:\/\/bf4.online\/index.php\/leistungen\" target=\"_self\">Leistungen<\/a>\n\n<\/div>\n<\/div>\n<\/div>\n<div class=\"features-small-image-cards-featcol\">\n<div class=\"features-small-image-cards-featinnerrow flexbox-list\">\n<div class=\"features-small-image-cards-imgcol\" style=\"background-image: url('http:\/\/bf4.online\/wp-content\/uploads\/2018\/12\/2.jpg');\" data-bg=\"image\"><\/div>\n<div class=\"features-small-image-cards-featcol-feattextcol\" data-type=\"column\">\n<h4 class=\"heading103\">Schilderdienst &amp; Streckenerkundung<\/h4>\n\n<hr class=\"features-small-image-cards-separator\">\n<p class=\"\">N\u00e4here Informationen hierzu finden Sie bei:<\/p>\n<a class=\"\" href=\"https:\/\/bf4.online\/index.php\/leistungen\" target=\"_self\">Leistungen<\/a>\n\n<\/div>\n<\/div>\n<\/div>\n<div class=\"features-small-image-cards-featcol\">\n<div class=\"features-small-image-cards-featinnerrow flexbox-list\">\n<div class=\"features-small-image-cards-imgcol\" style=\"background-image: url('http:\/\/bf4.online\/wp-content\/uploads\/2018\/12\/rgst_an2b01.gif');\" data-bg=\"image\"><\/div>\n<div class=\"features-small-image-cards-featcol-feattextcol\" data-type=\"column\">\n<h4 class=\"heading103\">Genehmigungsservice<\/h4>\n\n<hr class=\"features-small-image-cards-separator\">\n<p class=\"\">N\u00e4here Informationen hierzu finden Sie bei:<\/p>\n<a class=\"\" href=\"https:\/\/bf4.online\/index.php\/leistungen\" target=\"_self\">Leistungen<\/a>\n\n<\/div>\n<\/div>\n<\/div>\n<div class=\"features-small-image-cards-featcol\">\n<div class=\"features-small-image-cards-featinnerrow flexbox-list\">\n<div class=\"features-small-image-cards-imgcol\" style=\"background-image: url('http:\/\/bf4.online\/wp-content\/uploads\/2018\/12\/images-150x150.jpg');\" data-bg=\"image\"><\/div>\n<div class=\"features-small-image-cards-featcol-feattextcol\" data-type=\"column\">\n<h4 class=\"heading103\">BF4 Regelpl\u00e4ne<\/h4>\n\n<hr class=\"features-small-image-cards-separator\">\n<p class=\"\">N\u00e4here Informationen hierzu finden Sie bei:<\/p>\n<a class=\"\" href=\"https:\/\/bf4.online\/index.php\/leistungen\" target=\"_self\">Leistungen<\/a>\n\n<\/div>\n<\/div>\n<\/div>\n<\/div>\n<\/div>\n<\/div>","protected":false},"excerpt":{"rendered":"<p>Unsere Leistungen F\u00fcr Sie im \u00dcberblick. BF2 * BF3 * BF4 N\u00e4here Informationen hierzu finden Sie bei: Leistungen Bodenschutz \/ Fahrstra\u00dfen N\u00e4here Informationen hierzu finden Sie bei: Leistungen Schilderdienst &amp; Streckenerkundung N\u00e4here Informationen hierzu finden Sie bei: Leistungen Genehmigungsservice N\u00e4here Informationen hierzu finden Sie bei: Leistungen BF4 Regelpl\u00e4ne N\u00e4here Informationen hierzu finden Sie bei: Leistungen<\/p>\n","protected":false},"author":1,"featured_media":0,"parent":0,"menu_order":0,"comment_status":"closed","ping_status":"closed","template":"","meta":[],"_links":{"self":[{"href":"https:\/\/bf4.online\/index.php\/wp-json\/wp\/v2\/pages\/479"}],"collection":[{"href":"https:\/\/bf4.online\/index.php\/wp-json\/wp\/v2\/pages"}],"about":[{"href":"https:\/\/bf4.online\/index.php\/wp-json\/wp\/v2\/types\/page"}],"author":[{"embeddable":true,"href":"https:\/\/bf4.online\/index.php\/wp-json\/wp\/v2\/users\/1"}],"replies":[{"embeddable":true,"href":"https:\/\/bf4.online\/index.php\/wp-json\/wp\/v2\/comments?post=479"}],"version-history":[{"count":21,"href":"https:\/\/bf4.online\/index.php\/wp-json\/wp\/v2\/pages\/479\/revisions"}],"predecessor-version":[{"id":672,"href":"https:\/\/bf4.online\/index.php\/wp-json\/wp\/v2\/pages\/479\/revisions\/672"}],"wp:attachment":[{"href":"https:\/\/bf4.online\/index.php\/wp-json\/wp\/v2\/media?parent=479"}],"curies":[{"name":"wp","href":"https:\/\/api.w.org\/{rel}","templated":true}]}}